 thousands digit of 2928903?
8
What is the hundred thousands digit of 1311673?
3
What is the units digit of 9647?
7
What is the hundred thousands digit of 315636?
3
What is the thousands digit of 7669463?
9
What is the hundreds digit of 6978733?
7
What is the millions digit of 25791385?
5
What is the ten thousands digit of 1348075?
4
What is the hundreds digit of 9839974?
9
What is the thousands digit of 1618811?
8
What is the millions digit of 8007008?
8
What is the tens digit of 259676?
7
What is the hundred thousands digit of 1053722?
0
What is the hundreds digit of 16264132?
1
What is the hundreds digit of 16154425?
4
What is the ten millions digit of 22883648?
2
What is the tens digit of 42497?
9
What is the thousands digit of 2127718?
7
What is the millions digit of 1294936?
1
What is the hundred thousands digit of 13286603?
2
What is the hundred thousands digit of 1925468?
9
What is the units digit of 1899103?
3
What is the ten thousands digit of 71327?
7
What is the thousands digit of 1902?
1
What is the hundreds digit of 55932?
9
What is the ten thousands digit of 3585692?
8
What is the units digit of 568272?
2
What is the hundreds digit of 739070?
0
What is the hundreds digit of 22911831?
8
What is the units digit of 3468860?
0
What is the millions digit of 1024807?
1
What is the hundred thousands digit of 120981?
1
What is the hundreds digit of 361104?
1
What is the hundred thousands digit of 6175268?
1
What is the units digit of 2310887?
7
What is the thousands digit of 7656141?
6
What is the units digit of 248779?
9
What is the hundred thousands digit of 25414023?
4
What is the hundreds digit of 12292499?
4
What is the thousands digit of 38233458?
3
What is the thousands digit of 15219731?
9
What is the thousands digit of 30967336?
7
What is the hundreds digit of 999073?
0
What is the ten thousands digit of 390135?
9
What is the hundred thousands digit of 994791?
9
What is the hundred thousands digit of 10827352?
8
What is the units digit of 3327337?
7
What is the hundred thousands digit of 243969?
2
What is the millions digit of 4896653?
4
What is the units digit of 70442?
2
What is the hundred thousands digit of 1362564?
3
What is the hundreds digit of 3153712?
7
What is the tens digit of 22956?
5
What is the ten thousands digit of 1348852?
4
What is the tens digit of 155259?
5
What is the hundred thousands digit of 698467?
6
What is the tens digit of 847202?
0
What is the thousands digit of 26358008?
8
What is the tens digit of 1558615?
1
What is the tens digit of 788108?
0
What is the hundred thousands digit of 158581?
1
What is the hundreds digit of 338452?
4
What is the hundred thousands digit of 6402140?
4
What is the hundred thousands digit of 346402?
3
What is the hundred thousands digit of 2030765?
0
What is the ten thousands digit of 263428?
6
What is the hundreds digit of 3723403?
4
What is the millions digit of 18407591?
8
What is the millions digit of 24978553?
4
What is the thousands digit of 30124563?
4
What is the ten thousands digit of 18728?
1
What is the millions digit of 5115897?
5
What is the hundreds digit of 490185?
1
What is the hundreds digit of 221257?
2
What is the hundreds digit of 11691570?
5
What is the ten thousands digit of 3836866?
3
What is the millions digit of 2967963?
2
What is the thousands digit of 19872186?
2
What is the tens digit of 874391?
9
What is the ten thousands digit of 1021474?
2
What is the thousands digit of 4134256?
4
What is the tens digit of 14470756?
5
What is the ten thousands digit of 139369?
3
What is the ten thousands digit of 207500?
0
What is the hundred thousands digit of 1159113?
1
What is the units digit of 1419858?
8
What is the units digit of 262857?
7
What is the hundreds digit of 846031?
0
What is the tens digit of 59928?
2
What is the hundreds digit of 9123490?
4
What is the millions digit of 4197453?
4
What is the units digit of 29946?
6
What is the units digit of 6036140?
0
What is the units digit of 4395554?
4
What is the ten millions digit of 25934807?
2
What is the hundreds digit of 2446295?
2
What is the tens digit of 387049?
4
What is the thousands digit of 1596314?
6
What is the ten thousands digit of 13142352?
4
What is the hundred thousands digit of 472992?
4
What is the units digit of 109120?
0
What is the millions digit of 1207787?
1
What is the thousands digit of 493910?
3
What is the hundreds digit of 297043?
0
What is the units digit of 252111?
1
What is the ten thousands digit of 700164?
0
What is the hundred thousands digit of 534202?
5
What is the ten thousands digit of 105116?
0
What is the tens digit of 478695?
9
What is the millions digit of 11649097?
1
What is the units digit of 24425472?
2
What is the millions digit of 11093795?
1
What is the ten thousands digit of 5115808?
1
What is the ten thousands digit of 1071050?
7
What is the tens digit of 107699?
9
What is the thousands digit of 68739?
8
What is the hundreds digit of 7323242?
2
What is the hundreds digit of 359628?
6
What is the units digit of 72910?
0
What is the ten thousands digit of 5397700?
9
What is the hundred thousands digit of 5166739?
1
What is the units digit of 9649905?
5
What is the units digit of 205990?
0
What is the units digit of 1940444?
4
What is the units digit of 26641?
1
What is the hundreds digit of 146274?
2
What is the units digit of 523857?
7
What is the ten thousands digit of 104048?
0
What is the thousands digit of 104451?
4
What is the tens digit of 537295?
9
What is the thousands digit of 8835951?
5
What is the ten thousands digit of 1849542?
4
What is the ten thousands digit of 5847260?
4
What is the hundred thousands digit of 359380?
3
What is the tens digit of 794989?
8
What is the hundred thousands digit of 14206654?
2
What is the ten thousands digit of 3881009?
8
What is the hundreds digit of 22421844?
8
What is the hundred thousands digit of 316032?
3
What is the hundreds digit of 369058?
0
What is the ten thousands digit of 309919?
0
What is the millions digit of 11253892?
1
What is the hundred thousands digit of 302975?
3
What is the hundred thousands digit of 18573180?
5
What is the tens digit of 812011?
1
What is the tens digit of 167566?
6
What is the hundreds digit of 2873205?
2
What is the ten thousands digit of 8707120?
0
What is the units digit of 1166072?
2
What is the tens digit of 51187?
8
What is the hundreds digit of 782208?
2
What is the ten thousands digit of 1812466?
1
What is the hundred thousands digit of 3064991?
0
What is the ten thousands digit of 110101?
1
What is the tens digit of 728903?
0
What is the hundred thousands digit of 123884?
1
What is the hundreds digit of 291631?
6
What is the hundred thousands digit of 250456?
2
What is the hundreds digit of 12952261?
2
What is the hundreds digit of 4043325?
3
What is the hundred thousands digit of 21300391?
3
What is the hundreds digit of 14062561?
5
What is the tens digit of 1174032?
3
What is the units digit of 17360347?
7
What is the tens digit of 4373419?
1
What is the units digit of 194762?
2
What is the millions digit of 4927707?
4
What is the hundred thousands digit of 163791?
1
What is the tens digit of 26074?
7
What is the hundreds digit of 10741709?
7
What is the units digit of 301173?
3
What is the thousands digit of 1304820?
4
What is the ten thousands digit of 21225815?
2
What is the hundred thousands digit of 519489?
5
What is the tens digit of 30164627?
2
What is the thousands digit of 1892496?
2
What is the thousands digit of 1841265?
1
What is the hundred thousands digit of 9640375?
6
What is the hundred thousands digit of 3048181?
0
What is the units digit of 1164054?
4
What is the units digit of 4919003?
3
What is the hundred thousands digit of 3383582?
3
What is the units digit of 6666?
6
What is the tens digit of 484980?
8
What is the tens digit of 1446549?
4
What is the thousands digit of 993820?
3
What is the hundred thousands digit of 223310?
2
What is the hundreds digit of 31383939?
9
What is the hundred thousands digit of 2631365?
6
What is the ten thousands digit of 20118337?
1
What is the units digit of 39750?
0
What is the ten thousands digit of 1440512?
4
What is the tens digit of 73481?
8
What is the tens digit of 95308?
0
What is the hun